 highest common factor of 37 and n?
37
Suppose -4*r + 11*w - 7*w + 16 = 0, 5*r - w - 40 = 0. Suppose -y - r = -p, 0*p - p - 6 = 2*y. Let m = 13 + -1. What is the greatest common factor of m and p?
4
Suppose 83*j - 62*j = 210. Suppose 156 = h + 2*h. Suppose -175 = -4*p + 5*f, -5*f + f = -p + h. What is the greatest common factor of p and j?
10
Let c = 8 + 6. Suppose -19*y + 12342 = -2288. Calculate the greatest common factor of c and y.
14
Let q(p) = -17*p + 122. Let w be q(7). Suppose 2*l = w*o - 210, o - 2*l - 29 = 37. Suppose -2*d = -d - 27. What is the highest common factor of d and o?
9
Suppose -9*r - 1124 = -4*w - 14*r, -2*w + 5*r + 472 = 0. Let g(v) = 13*v + 1. Let h be g(1). Calculate the greatest common factor of h and w.
14
Suppose -258*w - 56100 = -390*w. What is the greatest common divisor of 1850 and w?
25
Suppose -10572 = -12*b + 3024. Calculate the highest common divisor of 412 and b.
103
Let a be 118/(-8) + 2/(-8). Let j = -9 - a. Let h = 860097 - 860043. What is the highest common factor of h and j?
6
Let l = -243 - -376. Suppose -138*y = -l*y - 875. Suppose 238 = y*p - 174*p. What is the greatest common divisor of p and 34?
34
Suppose 5*n + 24 = -4*h + 126, -84 = -4*n - 4*h. Let z = -9 + n. Let y be 3*1 - (-3)/z*3. What is the greatest common divisor of 4 and y?
4
Suppose -4*k - 250 + 222 = 0, 0 = -3*f - 5*k + 64. Calculate the greatest common divisor of 1738 and f.
11
Suppose 2*l - 6*l = 5*t - 67, 3*l - 5*t = 24. Suppose l*g + 48 = 1335. Let b(f) = -2*f - 11. Let m be b(-10). Calculate the greatest common factor of g and m.
9
Suppose -39*n = 2*u - 41*n - 692, -2*n = 5*u - 1772. What is the highest common factor of 264 and u?
88
Let y be 5 + -5 - 119/14*-2. Suppose o - 154 = -a, 0 = -4*a - 3*o + 5*o + 610. What is the highest common divisor of a and y?
17
Let o = 3095 - 3085. Calculate the highest common divisor of o and 3680.
10
Let g = -18 + -374. Let a be g/(-12) - 4/6. Let y = 39326 + -38974. What is the highest common factor of y and a?
32
Let j(p) = 4*p + 2*p + 2*p - 5*p**2 + 2*p**3 - p**3 - 12. Let l be j(6). Let h = l + -28. Calculate the highest common divisor of 66 and h.
22
Suppose 5*d + 31 - 301 = 0. Suppose 0 = 7*w - 45*w + 152. What is the greatest common divisor of w and d?
2
Suppose 158 + 206 = 26*b. Let q be 2/(7/(-38)*b/(-49)). What is the greatest common factor of q and 418?
38
Suppose -37 + 47 = b. Suppose -3*u + 14 = 2*i + 2*u, 0 = i + 4*u - b. Suppose 0 = i*w - 5*w + 9. What is the highest common divisor of 3 and w?
3
Let u = -80 + 170. Let t = -78 - -79. Let h be (t/1)/((-3)/(-108)). What is the highest common factor of h and u?
18
Let r be -2 + -4 + 0 + 3. Let c be 1/r - (-1216)/57. Suppose c*b + 140 = 28*b. Calculate the highest common factor of 50 and b.
10
Let a be -6 - -3*(-155)/(-15). Let o be (-3 - 345/a)/((-6)/15). Calculate the highest common factor of 98 and o.
14
Suppose 16*n + 5*z = 17*n - 385, 0 = -5*n + 5*z + 2065. Calculate the highest common factor of n and 2660.
140
Suppose -3*g + k + 156 = 0, -140 - 40 = -3*g - 3*k. Calculate the highest common divisor of 192 and g.
6
Let b = -30 + 47. Suppose 2*v = -9 + b. Suppose 3*c - h = 12, 11 = -5*c + h + 31. Calculate the greatest common factor of v and c.
4
Let a be (-3 + (-66)/(-12))/((-1)/4). Let i(v) = -2*v - 18. Let n be i(a). Let l be ((-42)/n - 0)*(-7)/3. Calculate the greatest common factor of 49 and l.
49
Suppose -32*o + 14228 - 1483 = -2295. What is the highest common factor of 1504 and o?
94
Let t be ((-30)/(-115))/3 + 6474/138. Calculate the highest common divisor of t and 799.
47
Suppose 41*j = -t + 44*j + 51, 331 = 5*t + 4*j. Let r(f) = 16*f - 6. Let o be r(3). What is the greatest common factor of t and o?
21
Suppose q - 2*u + 217 - 269 = 0, -98 = -2*q + u. Let m(o) = 120*o**2 + o + 2. Let z be m(-2). What is the greatest common factor of q and z?
48
Let i = -23 + 10. Let r(o) = 15 - 7*o + 16*o + 24 - 7*o. Let s be r(i). What is the highest common divisor of s and 117?
13
Suppose -5*r = 5*g - 2570, -4*g + 601 = -r + 1145. What is the highest common factor of 1768 and r?
104
Let j be 5*(-26)/(-65)*725/1. Calculate the greatest common divisor of j and 125.
25
Let m(u) = 15*u**2 + 23*u - 24. Let r be m(1). Suppose -15*k + 12*k = -840. What is the highest common factor of k and r?
14
Let f = -72869 + 104722. Calculate the greatest common divisor of 53 and f.
53
Suppose 569 + 33 = -7*k. Let m = -65 - k. What is the highest common divisor of 9 and m?
3
Let l be (60 + -89)/((0 + 3)/(-3)). What is the highest common divisor of l and 3161?
29
Let l(b) = -3*b + 5. Let f be l(6). Let h(a) = a + 8*a + 6 + 4 - 11*a. Let q be h(f). What is the greatest common divisor of 12 and q?
12
Suppose 99*h = 206302 + 36941. Calculate the greatest common divisor of h and 945.
189
Suppose p + 0 = -112. Let z = 52 + p. Let s be (-2 - -4)/((-2)/z). Calculate the highest common factor of s and 15.
15
Let h = 9768 - 8239. Calculate the highest common divisor of 33 and h.
11
Let n be (3250/(-375))/(((-31)/(-42) + (-64)/112)*-4). Let j be 2/(-8) + (-1234)/(-8). Suppose 3*l = 466 - j. Calculate the greatest common factor of l and n.
13
Let g be (3 - 30/(-14))*14/2. Suppose 47*a - g = 46*a. What is the greatest common factor of a and 42?
6
Let k(s) = -5*s**3 + 19*s**2 + 26*s + 39. Let p be k(-4). Calculate the greatest common factor of 65 and p.
13
Let z = 358 - 329. Let l = -175 + 809. Suppose l = 2*h + v, 2*h + 2*v - 271 = 359. Calculate the greatest common factor of h and z.
29
Let h(f) = 112*f - 10 - 81*f + 3*f**2 + 2*f**2. Let v be h(5). What is the greatest common divisor of 162 and v?
54
Let f = 12786 - 7859. What is the highest common divisor of f and 13?
13
Suppose 51*g - 21 = 48*g. Let v(j) = -j**3 + 6*j**2 + 11*j - 4. Let u be v(g). Calculate the highest common divisor of u and 24.
24
Let h be 204892/92 - (-36)/7038*-17. What is the greatest common divisor of 51 and h?
17
Let s(d) = d**3 - 10*d**2 + 60*d + 56. Let m be s(8). What is the greatest common factor of 120 and m?
24
Suppose 0 = -26*j + 17687 + 9613. What is the greatest common divisor of j and 375?
75
Suppose 0*v = -3*f + 3*v + 9, -4*f = -v - 9. Suppose f*x - 125 - 15 = 0. Let j be (174/(-696))/(2/(-112)). What is the highest common divisor of x and j?
14
Suppose -3*n = -2*v - 7640, 0 = 54*v - 59*v + 10. What is the highest common factor of n and 588?
196
Suppose 2*z + z = 768. Suppose 0 = 127*b - 923 - 3141. Calculate the highest common divisor of b and z.
32
Let k(t) = t**3 + 60*t**2 - 10*t - 530. Let m be k(-60). Calculate the highest common divisor of m and 1090.
10
Let m(n) = -9*n**3 + 11*n - 6. Let f be m(-6). Calculate the highest common factor of f and 720.
144
Let v = 34 + -18. Let y be 235 + (9 - (5 - 3)). Let p = y - 114. Calculate the greatest common factor of p and v.
16
Let u = -417 + 492. Suppose 4*b = f - 7 - u, 3*f - 207 = -b. Calculate the greatest common divisor of f and 126.
14
Suppose -4*y + 924 = -3*c, 2*y + 3*c = -0*c + 480. Suppose 0 = -31*m + 495 - 131 + 752. Calculate the highest common factor of y and m.
18
Suppose y - 93 = -0*y. Let s = y + -81. Let x = 13 + -10. Calculate the greatest common factor of s and x.
3
Let p be (-292)/3650 - (-3)/(150/130054). Calculate the highest common divisor of 9 and p.
9
Let n = -11335 - -11418. Calculate the highest common divisor of 4814 and n.
83
Let w be 7 + (3 + 1 - (35/5 - 0)). Calculate the highest common divisor of 394 and w.
2
Let m be ((-7808)/(-427))/((-16)/(-84)). Let i = 12 - 6. Calculate the greatest common divisor of m and i.
6
Suppose 4*s - 3*x = 44, -s - x + 6 - 2 = 0. Let w = 53 - s. Let f be 6/w - (-7546)/105. Calculate the highest common factor of 18 and f.
18
Let y(b) = 3*b**2 + 8*b + 9. Suppose -3*n - 7 = 2*t + 7, -t + 5*n + 6 = 0. Let w be y(t). Let m = w - 21. What is the greatest common divisor of 3 and m?
1
Let v = 33 - 3. Let o be 127432/17340*51 - ((-4)/(-5) + -1). What is the highest common factor of o and v?
15
Let a(j) = -3*j**2 - 22*j + 15. Let b be a(-7). Suppose -33*n + b*n = -220. Calculate the greatest common factor of n and 10.
10
Let k be (-10 + (-4 - -8))/(18/(-12)). Let z = 88 + -60. What is the greatest common divisor of k and z?
4
Suppose 1836 = -243*i + 261*i. Calculate the highest commo